383
Calculate the remainder when 17233033 is divided by 335.
298
Calculate the remainder when 144351 is divided by 205.
31
What is the remainder when 6711052 is divided by 21?
19
Calculate the remainder when 268420119 is divided by 460.
459
Calculate the remainder when 70405991 is divided by 22.
7
What is the remainder when 7591 is divided by 6035?
1556
Calculate the remainder when 444983 is divided by 444128.
855
What is the remainder when 4367731 is divided by 2183859?
13
Calculate the remainder when 133880 is divided by 397.
91
Calculate the remainder when 191888478 is divided by 1776745.
18
What is the remainder when 1251902 is divided by 2417?
2313
Calculate the remainder when 59658 is divided by 16075.
11433
Calculate the remainder when 995619 is divided by 1389.
1095
Calculate the remainder when 543486 is divided by 331.
315
Calculate the remainder when 56756156 is divided by 87994.
26
Calculate the remainder when 55606 is divided by 11121.
1
Calculate the remainder when 429257 is divided by 26818.
169
Calculate the remainder when 4518 is divided by 2863.
1655
Calculate the remainder when 16612719 is divided by 722291.
26
What is the remainder when 14102 is divided by 319?
66
What is the remainder when 202612 is divided by 1608?
4
What is the remainder when 20203153 is divided by 315?
313
What is the remainder when 4285646 is divided by 1093?
1086
Calculate the remainder when 145443854 is divided by 3261.
3254
What is the remainder when 1151522 is divided by 1527?
164
What is the remainder when 23979326 is divided by 7993105?
11
What is the remainder when 953018 is divided by 1053?
53
Calculate the remainder when 16569994 is divided by 1841110.
4
Calculate the remainder when 93481 is divided by 6359.
4455
Calculate the remainder when 25892552 is divided by 69417.
11
Calculate the remainder when 43482232 is divided by 3205.
3202
What is the remainder when 320357 is divided by 320255?
102
What is the remainder when 11206266 is divided by 154?
148
Calculate the remainder when 28041865 is divided by 261.
25
What is the remainder when 15208353 is divided by 179?
155
Calculate the remainder when 61050053 is divided by 5550000.
53
Calculate the remainder when 1832529 is divided by 536.
481
What is the remainder when 1222421 is divided by 2890?
2841
Calculate the remainder when 76625 is divided by 3062.
75
Calculate the remainder when 2737138 is divided by 108.
94
Calculate the remainder when 40297199 is divided by 4799.
4795
What is the remainder when 3852512 is divided by 20492?
16
Calculate the remainder when 524180 is divided by 346.
336
What is the remainder when 2292495 is divided by 71?
47
Calculate the remainder when 612679 is divided by 495.
364
Calculate the remainder when 27216 is divided by 6220.
2336
Calculate the remainder when 3483781 is divided by 3083.
3074
What is the remainder when 34891 is divided by 4889?
668
What is the remainder when 27791488 is divided by 1029314?
10
What is the remainder when 95895 is divided by 182?
163
What is the remainder when 637630 is divided by 4942?
112
Calculate the remainder when 15374209 is divided by 357.
4
Calculate the remainder when 1202345 is divided by 27950.
495
Calculate the remainder when 77883942 is divided by 143169.
6
What is the remainder when 1070904 is divided by 9312?
24
Calculate the remainder when 157173 is divided by 1254.
423
Calculate the remainder when 35817 is divided by 32894.
2923
Calculate the remainder when 119406162 is divided by 29.
25
What is the remainder when 1375758 is divided by 3245?
3123
What is the remainder when 430600 is divided by 215297?
6
What is the remainder when 12570324 is divided by 3142579?
8
Calculate the remainder when 7553521 is divided by 629460.
1
Calculate the remainder when 12481 is divided by 3932.
685
What is the remainder when 636726 is divided by 42445?
51
Calculate the remainder when 236348 is divided by 6060.
8
Calculate the remainder when 23832 is divided by 23623.
209
Calculate the remainder when 3697211 is divided by 26.
11
Calculate the remainder when 779177 is divided by 307.
11
What is the remainder when 6946164 is divided by 18875?
164
Calculate the remainder when 412512 is divided by 2488.
1992
Calculate the remainder when 32976222 is divided by 9.
6
What is the remainder when 483619 is divided by 48305?
569
Calculate the remainder when 8195108 is divided by 7695.
7628
Calculate the remainder when 18800 is divided by 4391.
1236
Calculate the remainder when 243953 is divided by 1224.
377
Calculate the remainder when 258330 is divided by 1954.
402
What is the remainder when 11404883 is divided by 77060?
3
What is the remainder when 34879 is divided by 7921?
3195
What is the remainder when 2496723 is divided by 4073?
4047
What is the remainder when 8032527 is divided by 2008131?
3
What is the remainder when 20468017 is divided by 1145?
1142
What is the remainder when 12148557 is divided by 40?
37
What is the remainder when 333539 is divided by 1049?
1006
What is the remainder when 6576335 is divided by 181?
62
What is the remainder when 119189 is divided by 10768?
741
What is the remainder when 2510934 is divided by 4011?
48
What is the remainder when 31665215 is divided by 266094?
29
What is the remainder when 4062104 is divided by 677011?
38
Calculate the remainder when 217128 is divided by 217.
128
Calculate the remainder when 90154 is divided by 4803.
3700
What is the remainder when 1172676 is divided by 216?
12
Calculate the remainder when 4860930 is divided by 714.
18
What is the remainder when 591872 is divided by 295877?
118
What is the remainder when 5435356 is divided by 94?
88
Calculate the remainder when 5529311 is divided by 69116.
31
Calculate the remainder when 5140224 is divided by 142784.
0
Calculate the remainder when 5511845 is divided by 1837247.
104
Calculate the remainder when 11423898 is divided by 1038536.
2
What is the remainder when 13921538 is divided by 13921498?
40
Calculate the remainder when 10262155 is divided by 15.
10
What is the remainder when 170898 is divided by 56940?
78
What is the remainder when 544730 is divided by 326?
310
Calculate the remainder when 249726700 is divided by 7.
6
What is the remainder when 2016336 is divided by 7279?
53
Calculate the remainder when 62526 is divided by 1355.
196
Calculate the remainder when 92794 is divided by 21758.
5762
What is the remainder when 1368058 is divided by 853?
699
Calculate the remainder when 2783724 is divided by 1680.
1644
Calculate the remainder when 10049059 is divided by 167484.
19
Calculate the remainder when 67182 is divided by 933.
6
Calculate the remainder when 151100 is divided by 3022.
0
What is the remainder when 22301520 is divided by 343?
3
What is the remainder when 5134 is divided by 4707?
427
Calculate the remainder when 1511078 is divided by 71.
56
Calculate the remainder when 1106129 is divided by 184353.
11
What is the remainder when 7772812 is divided by 3886256?
300
What is the remainder when 20134911 is divided by 6711603?
102
What is the remainder when 5743161 is divided by 1302?
39
Calculate the remainder when 117809 is divided by 404.
245
Calculate the remainder when 3968128 is divided by 8389.
131
Calculate the remainder when 135070 is divided by 22505.
40
Calculate the remainder when 142970 is divided by 10834.
2128
What is the remainder when 362743 is divided by 242?
227
What is the remainder when 89823 is divided by 888?
135
Calculate the remainder when 2144897 is divided by 1936.
1745
Calculate the remainder when 1013098 is divided by 132.
130
What is the remainder when 54149 is divided by 7307?
3000
What is the remainder when 683360 is divided by 18406?
2338
Calculate the remainder when 170029 is divided by 477.
217
Calculate the remainder when 1652559 is divided by 1617.
1602
Calculate the remainder when 560815 is divided by 56069.
125
Calculate the remainder when 120731323 is divided by 161.
160
Calculate the remainder when 3850958 is divided by 357.
356
Calculate the remainder when 21436406 is divided by 14445.
26
Calculate the remainder when 428618 is divided by 428427.
191
Calculate the remainder when 85996 is divided by 102.
10
What is the remainder when 4355360 is divided by 896?
800
What is the 